{"id":814,"date":"2025-06-05T21:42:08","date_gmt":"2025-06-05T18:42:08","guid":{"rendered":"https:\/\/stop-anxietate.ro\/articole\/?page_id=814"},"modified":"2025-10-08T16:41:27","modified_gmt":"2025-10-08T13:41:27","slug":"eliberarea-mintii-fara-golirea-portofelului-de-ce-stop-anxietate-ofera-terapie-puternica-la-cost-zero","status":"publish","type":"page","link":"https:\/\/stop-anxietate.ro\/articole\/eliberarea-mintii-fara-golirea-portofelului-de-ce-stop-anxietate-ofera-terapie-puternica-la-cost-zero\/","title":{"rendered":"Eliberarea min\u021bii f\u0103r\u0103 golirea portofelului: De ce Stop Anxietate ofer\u0103 terapie puternic\u0103 la cost accesibil"},"content":{"rendered":"<div class=\"boldgrid-section\">\n<div class=\"container\">\n<div class=\"row\" style=\"padding-top: 0px; padding-bottom: 0px;\">\n<div class=\"col-lg-12 col-md-12 col-xs-12 col-sm-12\">\n<p class=\"\" style=\"text-align: center;\">&nbsp;<\/p>\n<p class=\"\"><img loading=\"lazy\" decoding=\"async\" data-attachment-id=\"820\" data-permalink=\"https:\/\/stop-anxietate.ro\/articole\/eliberarea-mintii-fara-golirea-portofelului-de-ce-stop-anxietate-ofera-terapie-puternica-la-cost-zero\/costuri\/\" data-orig-file=\"https:\/\/stop-anxietate.ro\/articole\/wp-content\/uploads\/2025\/06\/costuri.jpg\" data-orig-size=\"1600,900\" data-comments-opened=\"0\" data-image-meta=\"{&quot;aperture&quot;:&quot;0&quot;,&quot;credit&quot;:&quot;&quot;,&quot;camera&quot;:&quot;&quot;,&quot;caption&quot;:&quot;&quot;,&quot;created_timestamp&quot;:&quot;0&quot;,&quot;copyright&quot;:&quot;&quot;,&quot;focal_length&quot;:&quot;0&quot;,&quot;iso&quot;:&quot;0&quot;,&quot;shutter_speed&quot;:&quot;0&quot;,&quot;title&quot;:&quot;&quot;,&quot;orientation&quot;:&quot;0&quot;}\" data-image-title=\"costuri\" data-image-description=\"\" data-image-caption=\"\" data-medium-file=\"https:\/\/stop-anxietate.ro\/articole\/wp-content\/uploads\/2025\/06\/costuri-300x169.jpg\" data-large-file=\"https:\/\/stop-anxietate.ro\/articole\/wp-content\/uploads\/2025\/06\/costuri-1024x576.jpg\" tabindex=\"0\" role=\"button\" class=\"aligncenter wp-image-820 size-full\" src=\"https:\/\/stop-anxietate.ro\/articole\/wp-content\/uploads\/2025\/06\/costuri.jpg\" alt=\"\" width=\"1600\" height=\"900\" srcset=\"https:\/\/stop-anxietate.ro\/articole\/wp-content\/uploads\/2025\/06\/costuri.jpg 1600w, https:\/\/stop-anxietate.ro\/articole\/wp-content\/uploads\/2025\/06\/costuri-300x169.jpg 300w, https:\/\/stop-anxietate.ro\/articole\/wp-content\/uploads\/2025\/06\/costuri-1024x576.jpg 1024w, https:\/\/stop-anxietate.ro\/articole\/wp-content\/uploads\/2025\/06\/costuri-768x432.jpg 768w, https:\/\/stop-anxietate.ro\/articole\/wp-content\/uploads\/2025\/06\/costuri-1536x864.jpg 1536w, https:\/\/stop-anxietate.ro\/articole\/wp-content\/uploads\/2025\/06\/costuri-250x141.jpg 250w, https:\/\/stop-anxietate.ro\/articole\/wp-content\/uploads\/2025\/06\/costuri-550x309.jpg 550w, https:\/\/stop-anxietate.ro\/articole\/wp-content\/uploads\/2025\/06\/costuri-800x450.jpg 800w, https:\/\/stop-anxietate.ro\/articole\/wp-content\/uploads\/2025\/06\/costuri-320x180.jpg 320w, https:\/\/stop-anxietate.ro\/articole\/wp-content\/uploads\/2025\/06\/costuri-533x300.jpg 533w, https:\/\/stop-anxietate.ro\/articole\/wp-content\/uploads\/2025\/06\/costuri-889x500.jpg 889w\" sizes=\"auto, (max-width: 1600px) 100vw, 1600px\" \/><\/p>\n<p class=\"\">&nbsp;<\/p>\n<\/div>\n<\/div>\n<\/div>\n<\/div>\n<div class=\"boldgrid-section\">\n<div class=\"container\">\n<div class=\"row\" style=\"padding-top: 22px; padding-bottom: 42px;\">\n<div class=\"col-lg-12 col-md-12 col-xs-12 col-sm-12\">\n<p class=\"ng-star-inserted\"><span class=\"ng-star-inserted\">\u00centr-o lume \u00een care sprijinul de calitate pentru s\u0103n\u0103tatea mental\u0103 vine adesea cu un pre\u021b piperat, ideea unei terapii eficiente, bazate pe dovezi \u0219tiin\u021bifice, \u0219i foarte ieftin\u0103, ar putea suna prea frumos pentru a fi adev\u0103rat. Totu\u0219i, aceasta este exact promisiunea \u0219i realitatea programului <\/span><strong class=\"ng-star-inserted\"><span class=\"ng-star-inserted\">Stop Anxietate<\/span><\/strong><span class=\"ng-star-inserted\">. Suntem aici pentru a explica de ce \u2013 \u0219i cum \u2013 reu\u0219im s\u0103 oferim aceast\u0103 resurs\u0103 care schimb\u0103 vie\u021bi f\u0103r\u0103 a percepe niciun ban.<\/span><\/p>\n<p>&nbsp;<\/p>\n<h4 class=\"ng-star-inserted\"><strong class=\"ng-star-inserted\"><span class=\"ng-star-inserted\">O investi\u021bie semnificativ\u0103, o misiune nepre\u021buit\u0103<\/span><\/strong><\/h4>\n<p>&nbsp;<\/p>\n<p class=\"ng-star-inserted\"><span class=\"ng-star-inserted\">Dezvoltarea programului Stop Anxietate nu a fost un demers m\u0103runt. Reprezint\u0103&nbsp;<\/span><strong class=\"ng-star-inserted\"><span class=\"ng-star-inserted\">patru ani de cercetare dedicat\u0103, expertiz\u0103 psihologic\u0103 \u0219i dezvoltare tehnologic\u0103, culmin\u00e2nd cu o investi\u021bie de aproximativ 150.000 de euro.<\/span><\/strong><span class=\"ng-star-inserted\">&nbsp;Am creat meticulos un program bazat pe abord\u0103ri validate \u0219tiin\u021bific precum CBT, ACT \u0219i MBCT, transpun\u00e2nd principii psihologice complexe \u00een module practice, u\u0219or de \u00een\u021beles, accesibile prin aplica\u021bia noastr\u0103 mobil\u0103.<\/span><\/p>\n<p class=\"ng-star-inserted\"><span class=\"ng-star-inserted\">Ini\u021bial, am lansat programul cu o tax\u0103 de abonament modest\u0103 \u2013 doar 10 euro pe lun\u0103 \u2013 sper\u00e2nd s\u0103 recuper\u0103m o parte din aceast\u0103 investi\u021bie substan\u021bial\u0103. Cu toate acestea, am \u00eent\u00e2lnit rapid o realitate care ne-a remodelat \u00eentreaga abordare. Am auzit de la nenum\u0103ra\u021bi indivizi, \u00een special studen\u021bi \u0219i persoane care se confrunt\u0103 cu dificult\u0103\u021bi financiare, pentru care chiar \u0219i aceast\u0103 sum\u0103 mic\u0103 reprezenta o barier\u0103 \u00een calea acces\u0103rii ajutorului de care aveau nevoie disperat\u0103.<\/span><\/p>\n<p class=\"ng-star-inserted\"><span class=\"ng-star-inserted\">Acest lucru a condus la o \u00eentrebare profund\u0103:&nbsp;<\/span><strong class=\"ng-star-inserted\"><span class=\"ng-star-inserted\">Ar trebui capacitatea financiar\u0103 s\u0103 dicteze \u0219ansa cuiva de a se elibera de str\u00e2nsoarea debilitant\u0103 a anxiet\u0103\u021bii \u0219i depresiei?<\/span><\/strong><\/p>\n<p class=\"ng-star-inserted\"><span class=\"ng-star-inserted\">R\u0103spunsul nostru a fost un &#8222;Nu!&#8221; r\u0103sun\u0103tor. Am realizat c\u0103 adev\u0103rata noastr\u0103 misiune nu era despre rentabilitatea financiar\u0103, ci despre impactul la scar\u0103 larg\u0103. De ce ar trebui oamenii, \u00een special tinerii, s\u0103 a\u0219tepte p\u00e2n\u0103 mai t\u00e2rziu \u00een via\u021b\u0103, c\u00e2nd ar putea fi mai stabili financiar, pentru a \u00eenv\u0103\u021ba abilit\u0103\u021bi cruciale pentru bun\u0103starea mental\u0103? De ce s\u0103 am\u00e2n\u0103m alinarea \u0219i \u0219ansa la o via\u021b\u0103 mai \u00eemplinit\u0103?<\/span><\/p>\n<p class=\"ng-star-inserted\"><span class=\"ng-star-inserted\">A\u0219a c\u0103 am luat o decizie crucial\u0103:&nbsp;<\/span><strong class=\"ng-star-inserted\"><span class=\"ng-star-inserted\">s\u0103 facem programul psihologic de baz\u0103 Stop Anxietate accesibil fiec\u0103rei clase sociale.<\/span><\/strong><span class=\"ng-star-inserted\">&nbsp;Investi\u021bia noastr\u0103 de 150.000 de euro s-a transformat \u00eentr-un dar \u2013 un dar de cunoa\u0219tere, instrumente \u0219i speran\u021b\u0103, disponibil oricui, oriunde.<\/span><\/p>\n<p>&nbsp;<\/p>\n<h4 class=\"ng-star-inserted\"><strong class=\"ng-star-inserted\"><span class=\"ng-star-inserted\">Stop Anxietate vs. terapia tradi\u021bional\u0103: o chestiune de acces, vitez\u0103 \u0219i cost<\/span><\/strong><\/h4>\n<p>&nbsp;<\/p>\n<p class=\"ng-star-inserted\"><span class=\"ng-star-inserted\">Mul\u021bi oameni iau \u00een considerare terapia tradi\u021bional\u0103 fa\u021b\u0103 \u00een fa\u021b\u0103 atunci c\u00e2nd se lupt\u0103 cu anxietatea. De\u0219i poate fi incredibil de benefic\u0103, merit\u0103 s\u0103 analiz\u0103m aspectele practice.<\/span><\/p>\n<p class=\"ng-star-inserted\"><span class=\"ng-star-inserted\">S\u0103 lu\u0103m \u00een considerare un scenariu comun:<\/span><br class=\"ng-star-inserted\"><span class=\"ng-star-inserted\">O persoan\u0103 ar putea participa la \u0219edin\u021be de terapie s\u0103pt\u0103m\u00e2nale timp de un an, sau poate doi. Dac\u0103 o singur\u0103 \u0219edin\u021b\u0103 cost\u0103 aproximativ 100 de dolari (o estimare conservatoare \u00een multe locuri, echivalentul a circa 450-500 Lei), angajamentul financiar cre\u0219te rapid.<\/span><\/p>\n<ul class=\"ng-star-inserted\">\n<li class=\"ng-star-inserted\">\n<p class=\"ng-star-inserted\"><strong class=\"ng-star-inserted\"><span class=\"ng-star-inserted\">Un an (aproximativ 50 de \u0219edin\u021be):<\/span><\/strong><span class=\"ng-star-inserted\">&nbsp;50 \u0219edin\u021be * ~450 Lei\/\u0219edin\u021b\u0103 = ~22.500 Lei<\/span><\/p>\n<\/li>\n<li class=\"ng-star-inserted\">\n<p class=\"ng-star-inserted\"><strong class=\"ng-star-inserted\"><span class=\"ng-star-inserted\">Doi ani (aproximativ 100 de \u0219edin\u021be):<\/span><\/strong><span class=\"ng-star-inserted\">&nbsp;100 \u0219edin\u021be * ~450 Lei\/\u0219edin\u021b\u0103 = ~45.000 Lei<\/span><\/p>\n<\/li>\n<\/ul>\n<p class=\"ng-star-inserted\"><span class=\"ng-star-inserted\">Pe l\u00e2ng\u0103 cost, exist\u0103 angajamentul de timp pentru program\u0103ri \u0219i ritmul adesea mai lent, de\u0219i am\u0103nun\u021bit, al schimb\u0103rii.<\/span><\/p>\n<p>&nbsp;<\/p>\n<p class=\"ng-star-inserted\"><span class=\"ng-star-inserted\">Acum, lua\u021bi \u00een considerare programul&nbsp;<\/span><strong class=\"ng-star-inserted\"><span class=\"ng-star-inserted\">Stop Anxietate<\/span><\/strong><span class=\"ng-star-inserted\">:<\/span><\/p>\n<ul class=\"ng-star-inserted\">\n<li class=\"ng-star-inserted\">\n<p class=\"ng-star-inserted\"><strong class=\"ng-star-inserted\"><span class=\"ng-star-inserted\">Cost:<\/span><\/strong><span class=\"ng-star-inserted\">&nbsp;Zero lei. Zero euro.<\/span><\/p>\n<\/li>\n<li class=\"ng-star-inserted\">\n<p class=\"ng-star-inserted\"><strong class=\"ng-star-inserted\"><span class=\"ng-star-inserted\">Durata:<\/span><\/strong><span class=\"ng-star-inserted\">&nbsp;Programul structurat este conceput pentru a oferi rezultate semnificative \u0219i instrumente de auto-gestionare \u00een aproximativ dou\u0103 luni, de\u0219i utilizatorii pot progresa \u00een ritmul propriu.<\/span><\/p>\n<\/li>\n<li class=\"ng-star-inserted\">\n<p class=\"ng-star-inserted\"><strong class=\"ng-star-inserted\"><span class=\"ng-star-inserted\">Accesibilitate:<\/span><\/strong><span class=\"ng-star-inserted\">&nbsp;Disponibil 24\/7 pe dispozitivul t\u0103u mobil, adapt\u00e2ndu-se programului t\u0103u, nu invers.<\/span><\/p>\n<\/li>\n<\/ul>\n<p>&nbsp;<\/p>\n<p class=\"ng-star-inserted\"><span class=\"ng-star-inserted\">Mul\u021bi dintre utilizatorii no\u0219tri raporteaz\u0103 o alinare semnificativ\u0103 a simptomelor de anxietate, inclusiv a atacurilor de panic\u0103, \u00eenc\u0103 din primele s\u0103pt\u0103m\u00e2ni. Diferen\u021ba dintre a cheltui poten\u021bial zeci de mii de lei \u0219i a nu cheltui nimic, experiment\u00e2nd \u00een acela\u0219i timp o alinare mai rapid\u0103, este enorm\u0103. Ce ar alege o persoan\u0103 \u00een\u021beleapt\u0103 atunci c\u00e2nd caut\u0103 sprijin eficient \u0219i accesibil?<\/span><\/p>\n<p>&nbsp;<\/p>\n<h4 class=\"ng-star-inserted\"><strong class=\"ng-star-inserted\"><span class=\"ng-star-inserted\">Dar &#8222;ieftin&#8221; \u00eenseamn\u0103 mai pu\u021bin eficient? Nicidecum.<\/span><\/strong><\/h4>\n<p class=\"\">&nbsp;<\/p>\n<p class=\"ng-star-inserted\"><span class=\"ng-star-inserted\">Programul Stop Anxietate nu este &#8222;ieftin&#8221; pentru c\u0103 este diluat sau mai pu\u021bin puternic. Este ieftin datorit\u0103 angajamentului nostru fa\u021b\u0103 de accesibilitate. Con\u021binutul \u00een sine este bogat, bazat pe dovezi \u0219tiin\u021bifice \u0219i conceput pentru un impact real.<\/span><\/p>\n<\/div>\n<\/div>\n<\/div>\n<\/div>\n<div class=\"boldgrid-section color1-background-color color-1-text-contrast bg-background-color\">\n<div class=\"container\">\n<div class=\"row\">\n<div class=\"col-lg-12 col-md-12 col-xs-12 col-sm-12\">\n<h4 class=\"\">&nbsp;<\/h4>\n<h4 class=\"ng-star-inserted\"><strong class=\"ng-star-inserted\"><span class=\"ng-star-inserted\">Experien\u021bele studen\u021bilor<\/span><\/strong><\/h4>\n<p class=\"ng-star-inserted\"><span class=\"ng-star-inserted\">Urm\u0103toarele m\u0103rturii, \u0219i multe altele asemenea, vorbesc despre eficacitatea programului \u00een a oferi o educa\u021bie psihologic\u0103 clar\u0103 \u0219i aplicabil\u0103, care \u00eei \u00eemputernice\u0219te pe indivizi s\u0103 devin\u0103 propriii lor agen\u021bi ai schimb\u0103rii.<\/span><\/p>\n<p class=\"\">&nbsp;<\/p>\n<div class=\"col-lg-6 col-md-6 col-sm-6 col-xs-12 align-column-center\">\n<div style=\"text-align: left;\">\n<blockquote class=\"\">\n<p class=\"my-0\" style=\"text-align: center;\">\u201eDragi dezvolt\u0103tori, v\u0103 mul\u021bumesc din suflet c\u0103 a\u021bi creat aceast\u0103 aplica\u021bie, este foarte bun\u0103 pentru mine. Eu am fost \u0219i la psiholog, dar nu se compar\u0103, este foarte explicit\u0103. Pe mine m\u0103 ajut\u0103 mult.\u201d<br \/>\n\u2014 Tudor<\/p>\n<\/blockquote>\n<blockquote class=\"\">\n<p class=\"my-0\" style=\"text-align: center;\">\u201eEste o aplica\u021bie extrem de util\u0103, am \u00eenv\u0103\u021bat aici ce nu am \u00eenv\u0103\u021bat de la psihologii la care am fost \u00een decurs de c\u00e2\u021biva ani.\u201d<br \/>\n\u2014 Gabriela<\/p>\n<\/blockquote>\n<\/div>\n<\/div>\n<div class=\"col-lg-6 col-md-6 col-sm-6 col-xs-12\">\n<div>\n<blockquote class=\"\">\n<p style=\"text-align: center;\">\u201eAm fost la psiholog 4 ani \u0219i am stricat o gr\u0103mad\u0103 de bani pe el. Cursul vostru e mai bun dec\u00e2t tot ce am f\u0103cut p\u00e2n\u0103 acum.\u201d<\/p>\n<\/blockquote>\n<blockquote class=\"\">\n<p class=\"my-0\" style=\"text-align: center;\">\u2014 Bogdan<\/p>\n<\/blockquote>\n<blockquote class=\"\">\n<p class=\"my-0\" style=\"text-align: center;\">\u201eSe cunoa\u0219te mult la mine datorit\u0103 acestei aplica\u021bii, o ador!!! Am ajuns s\u0103-mi fiu propriul meu psiholog; dac\u0103 se \u00eent\u00e2mpl\u0103, spre exemplu, s\u0103 mai am o stare nasoal\u0103, creierul \u00eemi \u0219opte\u0219te c\u0103 tot ce mi se \u00eent\u00e2mpl\u0103 m\u0103 protejeaz\u0103 \u0219i c\u0103 voi fi bine.\u201d<br \/>\n\u2014 Denisa<\/p>\n<\/blockquote>\n<\/div>\n<\/div>\n<p>&nbsp;<\/p>\n<\/div>\n<\/div>\n<\/div>\n<\/div>\n<div class=\"boldgrid-section\">\n<div class=\"container\">\n<div class=\"row\" style=\"padding-top: 55px; padding-bottom: 40px;\">\n<div class=\"col-lg-12 col-md-12 col-xs-12 col-sm-12\">\n<h4 class=\"ng-star-inserted\"><strong class=\"ng-star-inserted\"><span class=\"ng-star-inserted\">Viziunea noastr\u0103: educa\u021bie psihologic\u0103 pentru fiecare<\/span><\/strong><\/h4>\n<p class=\"\">&nbsp;<\/p>\n<p class=\"ng-star-inserted\"><span class=\"ng-star-inserted\">Credem c\u0103 \u00een\u021belegerea modului \u00een care func\u021bioneaz\u0103 mintea ta, ce sunt cu adev\u0103rat anxietatea \u0219i depresia \u0219i cum s\u0103 le tratezi nu ar trebui s\u0103 fie informa\u021bii privilegiate. Sunt cuno\u0219tin\u021be fundamentale pentru o via\u021b\u0103 mai s\u0103n\u0103toas\u0103 \u0219i mai fericit\u0103. Oferind Stop Anxietate ieftin, ne propunem s\u0103 \u00eemputernicim c\u00e2t mai mul\u021bi oameni \u2013 studen\u021bi, mame, persoane din toate categoriile sociale \u2013 s\u0103 se elibereze de suferin\u021b\u0103 \u0219i s\u0103-\u0219i revendice bun\u0103starea, f\u0103r\u0103 ca barierele financiare s\u0103 le stea \u00een cale.<\/span><\/p>\n<p class=\"ng-star-inserted\"><strong><span class=\"ng-star-inserted\">S\u0103n\u0103tatea ta mental\u0103 este nepre\u021buit\u0103. Accesul t\u0103u la sprijin nu ar trebui s\u0103 vin\u0103 cu un pre\u021b uria\u0219.<\/span><\/strong><\/p>\n<\/div>\n<\/div>\n<\/div>\n<\/div>\n<div class=\"boldgrid-section color1-background-color color-1-text-contrast bg-background-color\">\n<div class=\"container\">\n<div class=\"row\" style=\"padding-top: 10px; padding-bottom: 0px;\">\n<div class=\"col-lg-12 col-md-12 col-xs-12 col-sm-12\">\n<div class=\"row\" style=\"padding-top: 0px; padding-bottom: 75px;\">\n<div class=\"col-lg-12 col-md-12 col-xs-12 col-sm-12\">\n<h2 class=\"\" style=\"text-align: center;\">Descarc\u0103 gratuit aplica\u021bia<\/h2>\n<\/div>\n<\/div>\n<div class=\"row\" style=\"padding-bottom: 45px;\">\n<div class=\"col-lg-4 col-md-12 col-xs-12 col-sm-12\">\n<div>\n<p class=\"\"><a href=\"https:\/\/play.google.com\/store\/apps\/details?id=stop_anxietate.ro\" target=\"_blank\" rel=\"noopener\"><img loading=\"lazy\" decoding=\"async\" data-attachment-id=\"740\" data-permalink=\"https:\/\/stop-anxietate.ro\/articole\/test-gratuit-pentru-stres-anxietate-si-depresie-varianta-scurta\/googleplay\/\" data-orig-file=\"https:\/\/stop-anxietate.ro\/articole\/wp-content\/uploads\/2024\/08\/GooglePlay.png\" data-orig-size=\"300,90\" data-comments-opened=\"0\" data-image-meta=\"{&quot;aperture&quot;:&quot;0&quot;,&quot;credit&quot;:&quot;&quot;,&quot;camera&quot;:&quot;&quot;,&quot;caption&quot;:&quot;&quot;,&quot;created_timestamp&quot;:&quot;0&quot;,&quot;copyright&quot;:&quot;&quot;,&quot;focal_length&quot;:&quot;0&quot;,&quot;iso&quot;:&quot;0&quot;,&quot;shutter_speed&quot;:&quot;0&quot;,&quot;title&quot;:&quot;&quot;,&quot;orientation&quot;:&quot;0&quot;}\" data-image-title=\"GooglePlay\" data-image-description=\"\" data-image-caption=\"\" data-medium-file=\"https:\/\/stop-anxietate.ro\/articole\/wp-content\/uploads\/2024\/08\/GooglePlay.png\" data-large-file=\"https:\/\/stop-anxietate.ro\/articole\/wp-content\/uploads\/2024\/08\/GooglePlay.png\" tabindex=\"0\" role=\"button\" class=\"aligncenter wp-image-740 size-full\" src=\"https:\/\/stop-anxietate.ro\/articole\/wp-content\/uploads\/2024\/08\/GooglePlay.png\" alt=\"\" width=\"300\" height=\"90\" srcset=\"https:\/\/stop-anxietate.ro\/articole\/wp-content\/uploads\/2024\/08\/GooglePlay.png 300w, https:\/\/stop-anxietate.ro\/articole\/wp-content\/uploads\/2024\/08\/GooglePlay-250x75.png 250w\" sizes=\"auto, (max-width: 300px) 100vw, 300px\" \/><\/a><\/p>\n<\/div>\n<\/div>\n<div class=\"col-lg-4 col-md-6 col-sm-12 col-xs-12\">\n<div>\n<p class=\"\"><a href=\"https:\/\/apps.apple.com\/us\/app\/wind-method\/id1634573886\" target=\"_blank\" rel=\"noopener\"><img loading=\"lazy\" decoding=\"async\" data-attachment-id=\"739\" data-permalink=\"https:\/\/stop-anxietate.ro\/articole\/test-gratuit-pentru-stres-anxietate-si-depresie-varianta-scurta\/appstore-2\/\" data-orig-file=\"https:\/\/stop-anxietate.ro\/articole\/wp-content\/uploads\/2024\/08\/AppStore.png\" data-orig-size=\"300,90\" data-comments-opened=\"0\" data-image-meta=\"{&quot;aperture&quot;:&quot;0&quot;,&quot;credit&quot;:&quot;&quot;,&quot;camera&quot;:&quot;&quot;,&quot;caption&quot;:&quot;&quot;,&quot;created_timestamp&quot;:&quot;0&quot;,&quot;copyright&quot;:&quot;&quot;,&quot;focal_length&quot;:&quot;0&quot;,&quot;iso&quot;:&quot;0&quot;,&quot;shutter_speed&quot;:&quot;0&quot;,&quot;title&quot;:&quot;&quot;,&quot;orientation&quot;:&quot;0&quot;}\" data-image-title=\"AppStore\" data-image-description=\"\" data-image-caption=\"\" data-medium-file=\"https:\/\/stop-anxietate.ro\/articole\/wp-content\/uploads\/2024\/08\/AppStore.png\" data-large-file=\"https:\/\/stop-anxietate.ro\/articole\/wp-content\/uploads\/2024\/08\/AppStore.png\" tabindex=\"0\" role=\"button\" class=\"aligncenter wp-image-739 size-full\" src=\"https:\/\/stop-anxietate.ro\/articole\/wp-content\/uploads\/2024\/08\/AppStore.png\" alt=\"\" width=\"300\" height=\"90\" srcset=\"https:\/\/stop-anxietate.ro\/articole\/wp-content\/uploads\/2024\/08\/AppStore.png 300w, https:\/\/stop-anxietate.ro\/articole\/wp-content\/uploads\/2024\/08\/AppStore-250x75.png 250w\" sizes=\"auto, (max-width: 300px) 100vw, 300px\" \/><\/a><\/p>\n<\/div>\n<\/div>\n<div class=\"col-lg-4 col-md-4 col-sm-12 col-xs-12\">\n<div>\n<p class=\"\"><a href=\"https:\/\/appgallery.huawei.com\/app\/C106724535\" target=\"_blank\" rel=\"noopener\"><img loading=\"lazy\" decoding=\"async\" data-attachment-id=\"738\" data-permalink=\"https:\/\/stop-anxietate.ro\/articole\/test-gratuit-pentru-stres-anxietate-si-depresie-varianta-scurta\/appgallery-2\/\" data-orig-file=\"https:\/\/stop-anxietate.ro\/articole\/wp-content\/uploads\/2024\/08\/AppGallery.png\" data-orig-size=\"300,90\" data-comments-opened=\"0\" data-image-meta=\"{&quot;aperture&quot;:&quot;0&quot;,&quot;credit&quot;:&quot;&quot;,&quot;camera&quot;:&quot;&quot;,&quot;caption&quot;:&quot;&quot;,&quot;created_timestamp&quot;:&quot;0&quot;,&quot;copyright&quot;:&quot;&quot;,&quot;focal_length&quot;:&quot;0&quot;,&quot;iso&quot;:&quot;0&quot;,&quot;shutter_speed&quot;:&quot;0&quot;,&quot;title&quot;:&quot;&quot;,&quot;orientation&quot;:&quot;0&quot;}\" data-image-title=\"AppGallery\" data-image-description=\"\" data-image-caption=\"\" data-medium-file=\"https:\/\/stop-anxietate.ro\/articole\/wp-content\/uploads\/2024\/08\/AppGallery.png\" data-large-file=\"https:\/\/stop-anxietate.ro\/articole\/wp-content\/uploads\/2024\/08\/AppGallery.png\" tabindex=\"0\" role=\"button\" class=\"aligncenter wp-image-738 size-full\" src=\"https:\/\/stop-anxietate.ro\/articole\/wp-content\/uploads\/2024\/08\/AppGallery.png\" alt=\"\" width=\"300\" height=\"91\" srcset=\"https:\/\/stop-anxietate.ro\/articole\/wp-content\/uploads\/2024\/08\/AppGallery.png 300w, https:\/\/stop-anxietate.ro\/articole\/wp-content\/uploads\/2024\/08\/AppGallery-250x75.png 250w\" sizes=\"auto, (max-width: 300px) 100vw, 300px\" \/><\/a><\/p>\n<\/div>\n<\/div>\n<\/div>\n<\/div>\n<\/div>\n<\/div>\n<\/div>\n","protected":false},"excerpt":{"rendered":"<p>&nbsp; &nbsp; \u00centr-o lume \u00een care sprijinul de calitate pentru s\u0103n\u0103tatea mental\u0103 vine adesea cu un pre\u021b piperat, ideea unei terapii eficiente, bazate pe dovezi \u0219tiin\u021bifice, \u0219i foarte ieftin\u0103, ar<\/p>\n<div class=\"read-more\"><a class=\"btn button-secondary\" href=\"https:\/\/stop-anxietate.ro\/articole\/eliberarea-mintii-fara-golirea-portofelului-de-ce-stop-anxietate-ofera-terapie-puternica-la-cost-zero\/\">Read More<\/a><\/div>\n","protected":false},"author":1,"featured_media":0,"parent":0,"menu_order":0,"comment_status":"closed","ping_status":"closed","template":"","meta":{"footnotes":""},"class_list":["post-814","page","type-page","status-publish"],"aioseo_notices":[],"jetpack_sharing_enabled":true,"_links":{"self":[{"href":"https:\/\/stop-anxietate.ro\/articole\/wp-json\/wp\/v2\/pages\/814","targetHints":{"allow":["GET"]}}],"collection":[{"href":"https:\/\/stop-anxietate.ro\/articole\/wp-json\/wp\/v2\/pages"}],"about":[{"href":"https:\/\/stop-anxietate.ro\/articole\/wp-json\/wp\/v2\/types\/page"}],"author":[{"embeddable":true,"href":"https:\/\/stop-anxietate.ro\/articole\/wp-json\/wp\/v2\/users\/1"}],"replies":[{"embeddable":true,"href":"https:\/\/stop-anxietate.ro\/articole\/wp-json\/wp\/v2\/comments?post=814"}],"version-history":[{"count":8,"href":"https:\/\/stop-anxietate.ro\/articole\/wp-json\/wp\/v2\/pages\/814\/revisions"}],"predecessor-version":[{"id":853,"href":"https:\/\/stop-anxietate.ro\/articole\/wp-json\/wp\/v2\/pages\/814\/revisions\/853"}],"wp:attachment":[{"href":"https:\/\/stop-anxietate.ro\/articole\/wp-json\/wp\/v2\/media?parent=814"}],"curies":[{"name":"wp","href":"https:\/\/api.w.org\/{rel}","templated":true}]}}